e 5 + 7 + (-6 - 1). Suppose j + 37 = n*o - 0*j, 4*o + 3*j - 41 = 0. Calculate the highest common factor of z and o.
2
Let b(c) = 8*c + 155. Let z be b(-19). Suppose z*n + 76 = 5*r - 1027, 4*r + 3*n = 877. Calculate the greatest common divisor of r and 88.
44
Let d = 240 + -255. Let n be 8/(24/d) + (-2 - -11). Let x be 2 + 0/2 - -22. Calculate the greatest common factor of n and x.
4
Let f be ((-2 - -1) + 172)*263/263. Calculate the highest common factor of 42 and f.
3
Let h = 66 + -76. Let i be 9/(-6) + (-435)/h. What is the greatest common factor of i and 24?
6
Let c(v) = -v**3 + 25*v**2 + 249*v + 23. Let k be c(31). Calculate the greatest common factor of k and 228.
76
Suppose 18*p - 17*p + 3*h = 245, -h - 1145 = -5*p. Suppose -4*k + 5*k + 3*l - 43 = 0, -k + 5*l = -51. Calculate the greatest common divisor of k and p.
46
Let p(w) = 116*w - 954. Let f be p(11). Let r be 2*1 + (3 - 3) + 182. Calculate the highest common factor of f and r.
46
Suppose 0 = -69*v + 380*v - 235116. What is the highest common divisor of v and 1652?
28
Suppose 2*j + 5*s - 688 = 0, 5*j - s - 1778 = s. Let d = -324 + j. Calculate the greatest common factor of d and 6.
6
Let b(p) = p**2 - 4*p - 2. Let f be b(8). Let v be 4/f + 4/((-120)/(-386)). Suppose i = 22 + 121. Calculate the highest common factor of v and i.
13
Suppose 0 = 17*d - 51374 - 2958. What is the highest common factor of d and 68?
68
Let w(t) = t**3 + 18*t**2 + 43*t - 20. Let s be w(-15). Calculate the greatest common divisor of s and 640.
10
Let d(i) = 5*i**2 + 36*i - 55. Let w be d(-10). What is the greatest common divisor of w and 1955?
85
Suppose 11*i = 6 + 720. What is the highest common factor of 129 and i?
3
Suppose k - 4 = -4*m, -3*m - 4*k + 16 = -2*m. Suppose 516 = 3*v - m*v + 3*g, 0 = 5*v + 2*g - 848. What is the highest common divisor of 24 and v?
24
Suppose 3*d + 94 = t + 14, -t - 5*d = -24. What is the highest common factor of 1593 and t?
59
Suppose 0 = 5*z - 431 - 39. Suppose 4*c = -5*v + z, v - 5*c - 17 = -4*c. Let y be 3116/26 - v/(-117). Calculate the greatest common divisor of y and 48.
24
Suppose -5*p = 5*v - 20, 3*p + 5*v - 3 = 15. Let x be -1 + p/((-1)/(-2)). Let y be 2 + -1*-94*x. What is the highest common factor of y and 12?
12
Suppose 3*q - 918 - 3282 = -18*q. Calculate the greatest common factor of q and 1900.
100
Suppose -13 = h - 21. Let d(b) = 3 - 5*b**2 + h*b**2 + 0 + 6*b + 2. Let m be d(-4). What is the highest common factor of 232 and m?
29
Let o = 319 - -3295. What is the highest common divisor of o and 26?
26
Let a(q) = 19*q - 84. Let z be a(-6). Let k = z + 224. Calculate the greatest common divisor of k and 169.
13
Suppose -n + 2*o = -14, 3*o + 36 = -3*n + 7*n. Let p be (-2)/n + 1 + (-70)/(-30). Let b be (-30)/(-4)*p*44/9. What is the highest common divisor of b and 10?
10
Suppose -2106 = -34*u + 7*u. Calculate the greatest common divisor of 676 and u.
26
Let v = -347 + 297. Let d be 196/70*v/(-4). Calculate the highest common divisor of 14 and d.
7
Let g = -3519 - -4758. Calculate the highest common factor of 21 and g.
21
Let q = -3027 - -3062. What is the highest common divisor of q and 322?
7
Let s be 2/(-3) - ((-4)/6 + 0). Let t be 6/21 - ((-248)/14 + s). Let a be (-34)/(-153) + 158/t. What is the highest common factor of 72 and a?
9
Suppose b - 3*v = 14, b - 10 = 2*b + 5*v. Let d(m) = 3*m + 12. Let z be d(b). Let f = 19 + -10. What is the highest common divisor of f and z?
9
Suppose -19*v + 11 = 30. Let l be ((-12)/(-2))/v - -25. Calculate the greatest common divisor of 323 and l.
19
Let g(k) = -37*k - 105. Let t be g(-3). Suppose -6 = -5*s + 2*s. Calculate the greatest common factor of s and t.
2
Let n(c) = c**2 - 3*c + 192. Let o be n(-8). Calculate the greatest common factor of o and 525.
35
Suppose 0 = 3*o + f - 2104, -13*o + 14*o = 3*f + 688. Calculate the highest common divisor of o and 1484.
28
Suppose 15 = 4*a + 3. Suppose -2*s - 3*s - a*o + 150 = 0, 0 = -4*s - 4*o + 120. Let z = -10 + 22. What is the highest common divisor of s and z?
6
Let b be (-8)/10 - (-2176)/170. What is the highest common divisor of 213 and b?
3
Suppose 5*z - 88 = -17*z. Suppose -114 - 6 = -z*n. What is the highest common divisor of n and 30?
30
Let i = -9 + 16. Let u(z) = 4*z - 16. Let n be u(i). Let o(g) = 2*g**2 + 7*g + 9. Let q be o(7). Calculate the greatest common divisor of n and q.
12
Let c be (48/(-30))/((-16)/(-10) + -2). Suppose 128 = c*t - 40. Calculate the highest common factor of t and 378.
42
Suppose 243 = 3*w + 3*z - 2*z, 0 = -5*w + 5*z + 385. Let f = w - -52. Let a be 7 - 9 - -6 - -29. Calculate the highest common divisor of a and f.
33
Suppose -29*v = -53 - 34. Suppose -4*g + g = 0. Suppose g = -v*z - 3*z + 168. What is the highest common divisor of 70 and z?
14
Suppose 386 = 8*p + 338. Suppose -11*d = -p*d - 460. Calculate the highest common factor of 69 and d.
23
Let y = 15665 + -15652. Calculate the highest common factor of y and 35009.
13
Let d(a) = 3*a**2 - 19*a + 54. Let q be d(9). Let c be 7210/q + 2 + 40/(-18). What is the highest common factor of 3 and c?
3
Suppose -4*u = -4*a + 188, a - 2*u - 161 = -103. Let i be 48*((-1)/2 - -1). What is the highest common divisor of i and a?
12
Let t be 3*((-641)/15 + (-9)/15). Let p = t - -150. Suppose 3 = -i + 7, 180 = d + 5*i. What is the greatest common factor of p and d?
20
Suppose -3*h + 70*h - 1675 = 0. Let t be (-60)/(3 + (-13)/5). Let o be t*(-4 - (-40)/12). What is the highest common divisor of h and o?
25
Suppose 0 = -64*t + 66*t - 208. Let n(y) be the third derivative of y**4/8 - 11*y**3/6 - y**2. Let b be n(8). What is the greatest common divisor of t and b?
13
Let s(l) = 37 - 65 + l**2 + 29 - 4*l. Let q be s(8). Let o be 3968/24 + (-1)/3. What is the greatest common divisor of q and o?
33
Let k = 427 - 382. Suppose k = 5*r + 5*s, -15 = -r - 3*r + 3*s. Calculate the greatest common divisor of r and 42.
6
Let x(d) = 19*d**2 + 6*d + 1. Let i be x(-3). Let o be (5 - 6)*(0 + -1). Let l be (16 - 1 - o)*1. What is the greatest common factor of i and l?
14
Suppose -6*q + 408 = -3*q. Suppose -3*n - 32 = -41. Suppose -n*g = -4*g + 34. Calculate the greatest common divisor of g and q.
34
Let a(t) = t - 132 + 5*t + 74. Let o be a(14). Calculate the highest common factor of o and 182.
26
Let m(z) = -68*z**3 + z**2 - 138*z - 750. Let w be m(-6). What is the greatest common divisor of w and 6?
6
Let a(j) = 149*j - 9235. Let m be a(62). What is the highest common divisor of m and 714?
3
Let l(i) = -2*i**3 - 87*i**2 + 45*i + 66. Let j be l(-44). Calculate the highest common divisor of j and 77.
11
Let y = 347 - 138. Let a = y + -185. Let s = 146 + -50. Calculate the highest common divisor of s and a.
24
Suppose -1000 = -984*h + 979*h. Suppose -5*m + h = b, -29 = -m - 2*b + 11. Calculate the greatest common divisor of m and 520.
40
Suppose 21*q + 15*q - 2237 + 77 = 0. Calculate the greatest common factor of 80 and q.
20
Let i be 9 + 3/(-4 + 13/4). Suppose 11*l - 6*l = 10. Let z be (l/(-8))/((-3)/36). What is the highest common divisor of i and z?
1
Suppose 5*f - 5 = 10. Suppose -8 = -2*d - 6, f*d + 3 = 2*r. What is the highest common divisor of r and 123?
3
Let g be ((-42)/35)/3 - (-182)/5. Let d(n) = -2*n + 2. Let k = -8 + 6. Let l be d(k). Calculate the greatest common divisor of l and g.
6
Let d(r) = r**2 + 21*r + 150. Let c be d(-11). What is the greatest common factor of 2008 and c?
8
Let a = 2404 + -2149. Calculate the greatest common divisor of 153 and a.
51
Suppose 0 = -4*n + 210*q - 212*q + 63372, -18 = -3*q. What is the highest common factor of n and 11?
11
Suppose 1017 = 2*u + 5*g, 0 = -8*u + 6*u - 7*g + 1027. Calculate the greatest common factor of u and 310.
62
Let o(c) = 217*c - 175. Let x be o(1). Calculate the highest common divisor of x and 357.
21
Let x be -1 - (-3)/(-2)*(-42)/63. Suppose -5*z + 2*h + 1617 = x, 4*z - 2*h + 697 = 1991. Calculate the greatest common divisor of z and 19.
19
Let f(c) = -103*c + 5361. Let j be f(51). Calculate the highest common divisor of j and 5364.
36
Let p = -13738 + 13767. What is the highest common factor of 13021 and p?
29
Suppose -2*p = -v - 5*p - 6, 3*p = 3*v - 30. Suppose 2*b + b - 325 = s, -3*s = -v. Let u = b - 61. Calculate the highest common divisor of u and 1